{"id":31279,"date":"2017-06-08T01:41:20","date_gmt":"2017-06-08T04:41:20","guid":{"rendered":"https:\/\/saocristovaoonline.com.br\/?page_id=31279"},"modified":"2022-01-04T15:12:08","modified_gmt":"2022-01-04T15:12:08","slug":"mapa-do-site","status":"publish","type":"page","link":"https:\/\/compareplanodesaude.com.br\/sulamerica-odonto\/mapa-do-site\/","title":{"rendered":"Mapa do Site"},"content":{"rendered":"\t\t<div data-elementor-type=\"wp-page\" data-elementor-id=\"31279\" class=\"elementor elementor-31279\" data-elementor-post-type=\"page\">\n\t\t\t\t\t\t<section class=\"elementor-section elementor-top-section elementor-element elementor-element-df76505 elementor-section-height-min-height elementor-section-items-top elementor-section-boxed elementor-section-height-default\" data-id=\"df76505\" data-element_type=\"section\">\n\t\t\t\t\t\t<div class=\"elementor-container elementor-column-gap-default\">\n\t\t\t\t\t<div class=\"elementor-column elementor-col-66 elementor-top-column elementor-element elementor-element-683424d\" data-id=\"683424d\" data-element_type=\"column\">\n\t\t\t<div class=\"elementor-widget-wrap elementor-element-populated\">\n\t\t\t\t\t\t<div class=\"elementor-element elementor-element-4945045 elementor-widget elementor-widget-heading\" data-id=\"4945045\" data-element_type=\"widget\" data-widget_type=\"heading.default\">\n\t\t\t\t<div class=\"elementor-widget-container\">\n\t\t\t\t\t<h1 class=\"elementor-heading-title elementor-size-default\">Mapa do site da SulAm\u00e9rica Odonto Assist\u00eancia Odontol\u00f3gica<\/h1>\t\t\t\t<\/div>\n\t\t\t\t<\/div>\n\t\t\t\t<div class=\"elementor-element elementor-element-fd2f7a1 elementor-widget elementor-widget-sitemap\" data-id=\"fd2f7a1\" data-element_type=\"widget\" data-widget_type=\"sitemap.default\">\n\t\t\t\t<div class=\"elementor-widget-container\">\n\t\t\t\t\t<div class=\"elementor-sitemap-wrap\"><div class=\"elementor-sitemap-section\"><h2 class=\"elementor-sitemap-title elementor-sitemap-page-title\">P\u00e1ginas<\/h2><ul class=\"elementor-sitemap-list elementor-sitemap-page-list\"><li class=\"elementor-sitemap-item elementor-sitemap-item-page page_item page-item-40433\"><a href=\"https:\/\/compareplanodesaude.com.br\/sulamerica-odonto\/novo-layout-black-friday\/\">Novo Layout Black Friday<\/a><\/li><li class=\"elementor-sitemap-item elementor-sitemap-item-page page_item page-item-38994\"><a href=\"https:\/\/compareplanodesaude.com.br\/sulamerica-odonto\/sulamerica-odonto-empresarial\/\">SulAm\u00e9rica Odonto Empresarial<\/a><\/li><li class=\"elementor-sitemap-item elementor-sitemap-item-page page_item page-item-38989\"><a href=\"https:\/\/compareplanodesaude.com.br\/sulamerica-odonto\/sulamerica-odonto-familiar\/\">SulAm\u00e9rica Odonto Familiar<\/a><\/li><li class=\"elementor-sitemap-item elementor-sitemap-item-page page_item page-item-38809\"><a href=\"https:\/\/compareplanodesaude.com.br\/sulamerica-odonto\/contratar-sulamerica-odonto\/\">Contratar SulAm\u00e9rica Odonto<\/a><\/li><li class=\"elementor-sitemap-item elementor-sitemap-item-page page_item page-item-38070\"><a href=\"https:\/\/compareplanodesaude.com.br\/sulamerica-odonto\/contratacao-sulamerica-odonto-odonto-pme\/\">Contrata\u00e7\u00e3o SulAm\u00e9rica Odonto para Empresas<\/a><\/li><li class=\"elementor-sitemap-item elementor-sitemap-item-page page_item page-item-38065\"><a href=\"https:\/\/compareplanodesaude.com.br\/sulamerica-odonto\/contratacao-sulamerica-odonto-odonto-pf\/\">Contrata\u00e7\u00e3o SulAm\u00e9rica Odonto para Pessoa F\u00edsica<\/a><\/li><li class=\"elementor-sitemap-item elementor-sitemap-item-page page_item page-item-38052\"><a href=\"https:\/\/compareplanodesaude.com.br\/sulamerica-odonto\/sulamerica-odonto-ortodontia\/\">SulAm\u00e9rica Odonto Ortodontia<\/a><\/li><li class=\"elementor-sitemap-item elementor-sitemap-item-page page_item page-item-37267\"><a href=\"https:\/\/compareplanodesaude.com.br\/sulamerica-odonto\/sulamerica-odonto-individual\/\">SulAm\u00e9rica Odonto Individual<\/a><\/li><li class=\"elementor-sitemap-item elementor-sitemap-item-page page_item page-item-31785\"><a href=\"https:\/\/compareplanodesaude.com.br\/sulamerica-odonto\/site-blindado\/\">Site Blindado<\/a><\/li><li class=\"elementor-sitemap-item elementor-sitemap-item-page page_item page-item-31279\"><a href=\"https:\/\/compareplanodesaude.com.br\/sulamerica-odonto\/mapa-do-site\/\">Mapa do Site<\/a><\/li><li class=\"elementor-sitemap-item elementor-sitemap-item-page page_item page-item-30935\"><a href=\"https:\/\/compareplanodesaude.com.br\/sulamerica-odonto\/obrigado\/\">Obrigado<\/a><\/li><li class=\"elementor-sitemap-item elementor-sitemap-item-page page_item page-item-30903\"><a href=\"https:\/\/compareplanodesaude.com.br\/sulamerica-odonto\/ligacao-sulamerica-odonto\/\">Ligamos para Voc\u00ea<\/a><\/li><li class=\"elementor-sitemap-item elementor-sitemap-item-page page_item page-item-30757\"><a href=\"https:\/\/compareplanodesaude.com.br\/sulamerica-odonto\/sulamerica-odonto-contato\/\">Fale com a SulAm\u00e9rica Odonto<\/a><\/li><li class=\"elementor-sitemap-item elementor-sitemap-item-page page_item page-item-29903\"><a href=\"https:\/\/compareplanodesaude.com.br\/sulamerica-odonto\/\">SulAm\u00e9rica Odonto Assist\u00eancia Odontol\u00f3gica<\/a><\/li><\/ul><\/div><\/div>\t\t\t\t<\/div>\n\t\t\t\t<\/div>\n\t\t\t\t\t<\/div>\n\t\t<\/div>\n\t\t\t\t<div class=\"elementor-column elementor-col-33 elementor-top-column elementor-element elementor-element-0fcd3f7\" data-id=\"0fcd3f7\" data-element_type=\"column\" data-settings=\"{&quot;background_background&quot;:&quot;classic&quot;}\">\n\t\t\t<div class=\"elementor-widget-wrap elementor-element-populated\">\n\t\t\t\t\t\t<div class=\"elementor-element elementor-element-ec250f6 elementor-widget elementor-widget-heading\" data-id=\"ec250f6\" data-element_type=\"widget\" data-widget_type=\"heading.default\">\n\t\t\t\t<div class=\"elementor-widget-container\">\n\t\t\t\t\t<h2 class=\"elementor-heading-title elementor-size-default\">Contrate a SulAm\u00e9rica Odonto via WhatsApp (24h)<\/h2>\t\t\t\t<\/div>\n\t\t\t\t<\/div>\n\t\t\t\t<div class=\"elementor-element elementor-element-ccb8f7f formbutton elementor-widget elementor-widget-wpforms\" data-id=\"ccb8f7f\" data-element_type=\"widget\" data-widget_type=\"wpforms.default\">\n\t\t\t\t<div class=\"elementor-widget-container\">\n\t\t\t\t\t<div class=\"wpforms-container wpforms-container-full form_whatsapp\" id=\"wpforms-39265\"><form id=\"wpforms-form-39265\" class=\"wpforms-validate wpforms-form\" data-formid=\"39265\" method=\"post\" enctype=\"multipart\/form-data\" action=\"\/sulamerica-odonto\/wp-json\/wp\/v2\/pages\/31279\" data-token=\"de9055452aad9da6f8ef79a5749d5cdd\" data-token-time=\"1775829662\"><noscript class=\"wpforms-error-noscript\">Ative o JavaScript no seu navegador para preencher este formul\u00e1rio.<\/noscript><div class=\"wpforms-field-container\"><div id=\"wpforms-39265-field_7-container\" class=\"wpforms-field wpforms-field-name\" data-field-id=\"7\"><label class=\"wpforms-field-label wpforms-label-hide\" for=\"wpforms-39265-field_7\">Nome <span class=\"wpforms-required-label\">*<\/span><\/label><input type=\"text\" id=\"wpforms-39265-field_7\" class=\"wpforms-field-large wpforms-field-required\" name=\"wpforms[fields][7]\" placeholder=\"Nome\" required><\/div><div id=\"wpforms-39265-field_1-container\" class=\"wpforms-field wpforms-field-phone\" data-field-id=\"1\"><label class=\"wpforms-field-label wpforms-label-hide\" for=\"wpforms-39265-field_1\">WhatsApp <span class=\"wpforms-required-label\">*<\/span><\/label><input type=\"tel\" id=\"wpforms-39265-field_1\" class=\"wpforms-field-large wpforms-field-required\" data-rule-int-phone-field=\"true\" name=\"wpforms[fields][1]\" placeholder=\"WhatsApp\" aria-label=\"WhatsApp\" required><\/div><\/div><!-- .wpforms-field-container --><div class=\"wpforms-field wpforms-field-hp\"><label for=\"wpforms-39265-field-hp\" class=\"wpforms-field-label\">Message<\/label><input type=\"text\" name=\"wpforms[hp]\" id=\"wpforms-39265-field-hp\" class=\"wpforms-field-medium\"><\/div><div class=\"wpforms-submit-container\" ><input type=\"hidden\" name=\"wpforms[id]\" value=\"39265\"><input type=\"hidden\" name=\"page_title\" value=\"\"><input type=\"hidden\" name=\"page_url\" value=\"https:\/\/compareplanodesaude.com.br\/sulamerica-odonto\/wp-json\/wp\/v2\/pages\/31279\"><input type=\"hidden\" name=\"url_referer\" value=\"\"><button type=\"submit\" name=\"wpforms[submit]\" id=\"wpforms-submit-39265\" class=\"wpforms-submit botao_gndi_3 wpforms-one-third botao_size2 botao_gndi_shiny\" data-alt-text=\"Solicitando...\" data-submit-text=\"Receber Cota\u00e7\u00e3o\" aria-live=\"assertive\" value=\"wpforms-submit\">Receber Cota\u00e7\u00e3o<\/button><\/div><\/form><\/div>  <!-- .wpforms-container -->\t\t\t\t<\/div>\n\t\t\t\t<\/div>\n\t\t\t\t\t<\/div>\n\t\t<\/div>\n\t\t\t\t\t<\/div>\n\t\t<\/section>\n\t\t\t\t<section class=\"elementor-section elementor-top-section elementor-element elementor-element-6bbaa684 elementor-section-height-min-height elementor-section-items-top elementor-section-boxed elementor-section-height-default\" data-id=\"6bbaa684\" data-element_type=\"section\" data-settings=\"{&quot;background_background&quot;:&quot;classic&quot;}\">\n\t\t\t\t\t\t<div class=\"elementor-container elementor-column-gap-default\">\n\t\t\t\t\t<div class=\"elementor-column elementor-col-33 elementor-top-column elementor-element elementor-element-39112781\" data-id=\"39112781\" data-element_type=\"column\" data-settings=\"{&quot;background_background&quot;:&quot;classic&quot;}\">\n\t\t\t<div class=\"elementor-widget-wrap elementor-element-populated\">\n\t\t\t\t\t<div class=\"elementor-background-overlay\"><\/div>\n\t\t\t\t\t\t<div class=\"elementor-element elementor-element-9721ec0 elementor-widget elementor-widget-heading\" data-id=\"9721ec0\" data-element_type=\"widget\" data-widget_type=\"heading.default\">\n\t\t\t\t<div class=\"elementor-widget-container\">\n\t\t\t\t\t<h3 class=\"elementor-heading-title elementor-size-default\">Ligaremos para voc\u00ea em poucos minutos no hor\u00e1rio comercial<\/h3>\t\t\t\t<\/div>\n\t\t\t\t<\/div>\n\t\t\t\t<div class=\"elementor-element elementor-element-570897c3 elementor-widget elementor-widget-text-editor\" data-id=\"570897c3\" data-element_type=\"widget\" data-widget_type=\"text-editor.default\">\n\t\t\t\t<div class=\"elementor-widget-container\">\n\t\t\t\t\t\t\t\t\t<p>Fale conosco tamb\u00e9m pelo telefone<br \/><a style=\"background: blue; color: white;\" href=\"tel:+5511913593086\">0800 &#8211; 6605454<\/a><\/p><p>Ou pelo WhatsApp (24 horas)<br \/><a style=\"background: blue; color: white;\" href=\"https:\/\/api.whatsapp.com\/send?phone=5511964929380&amp;text=Ol%C3%A1%2C%20gostaria%20de%20iniciar%20o%20atendimento%20para%20uma%20cota%C3%A7%C3%A3o%20de%20planos%20de%20sa%C3%BAde%20da%20SulAm%C3%A9rica%20Odonto!\">(11) 9737 &#8211; 38801<\/a><\/p><p>Nosso endere\u00e7o \u00e9 Av. Paulista, n\u00ba 726 &#8211; 13\u00ba andar, conjunto 1303 \u2013 S\u00e3o Paulo\/SP<\/p>\t\t\t\t\t\t\t\t<\/div>\n\t\t\t\t<\/div>\n\t\t\t\t\t<\/div>\n\t\t<\/div>\n\t\t\t\t<div class=\"elementor-column elementor-col-66 elementor-top-column elementor-element elementor-element-9eb32e4\" data-id=\"9eb32e4\" data-element_type=\"column\" data-settings=\"{&quot;background_background&quot;:&quot;classic&quot;}\">\n\t\t\t<div class=\"elementor-widget-wrap elementor-element-populated\">\n\t\t\t\t\t\t<div class=\"elementor-element elementor-element-119fde8e elementor-widget elementor-widget-heading\" data-id=\"119fde8e\" data-element_type=\"widget\" data-widget_type=\"heading.default\">\n\t\t\t\t<div class=\"elementor-widget-container\">\n\t\t\t\t\t<h2 class=\"elementor-heading-title elementor-size-default\">Ligamos para Voc\u00ea<\/h2>\t\t\t\t<\/div>\n\t\t\t\t<\/div>\n\t\t\t\t<div class=\"elementor-element elementor-element-3d059c5a form-padrao elementor-widget elementor-widget-wpforms\" data-id=\"3d059c5a\" data-element_type=\"widget\" data-widget_type=\"wpforms.default\">\n\t\t\t\t<div class=\"elementor-widget-container\">\n\t\t\t\t\t<div class=\"wpforms-container wpforms-container-full form_whatsapp form_ligacao\" id=\"wpforms-39264\"><form id=\"wpforms-form-39264\" class=\"wpforms-validate wpforms-form\" data-formid=\"39264\" method=\"post\" enctype=\"multipart\/form-data\" action=\"\/sulamerica-odonto\/wp-json\/wp\/v2\/pages\/31279\" data-token=\"a0f82a2d39d982279ec3ba78a87fca6b\" data-token-time=\"1775829662\"><noscript class=\"wpforms-error-noscript\">Ative o JavaScript no seu navegador para preencher este formul\u00e1rio.<\/noscript><div class=\"wpforms-field-container\"><div id=\"wpforms-39264-field_2-container\" class=\"wpforms-field wpforms-field-name form_input form_icone_perfil mask-real-name\" data-field-id=\"2\"><label class=\"wpforms-field-label wpforms-label-hide\" for=\"wpforms-39264-field_2\">Nome <span class=\"wpforms-required-label\">*<\/span><\/label><input type=\"text\" id=\"wpforms-39264-field_2\" class=\"wpforms-field-large wpforms-field-required\" name=\"wpforms[fields][2]\" placeholder=\"Nome\" required><\/div><div id=\"wpforms-39264-field_1-container\" class=\"wpforms-field wpforms-field-phone form_input form_icone_telefone mask-brazillian-phone\" data-field-id=\"1\"><label class=\"wpforms-field-label wpforms-label-hide\" for=\"wpforms-39264-field_1\">Telefone <span class=\"wpforms-required-label\">*<\/span><\/label><input type=\"tel\" id=\"wpforms-39264-field_1\" class=\"wpforms-field-large wpforms-field-required\" data-rule-int-phone-field=\"true\" name=\"wpforms[fields][1]\" placeholder=\"Telefone\" aria-label=\"Telefone\" required><\/div><div id=\"wpforms-39264-field_6-container\" class=\"wpforms-field wpforms-field-email form_input form_icone_email\" data-field-id=\"6\"><label class=\"wpforms-field-label wpforms-label-hide\" for=\"wpforms-39264-field_6\">Email<\/label><input type=\"email\" id=\"wpforms-39264-field_6\" class=\"wpforms-field-large\" name=\"wpforms[fields][6]\" placeholder=\"E-mail\" spellcheck=\"false\" ><\/div><div id=\"wpforms-39264-field_7-container\" class=\"wpforms-field wpforms-field-radio wpforms-list-inline\" data-field-id=\"7\"><label class=\"wpforms-field-label wpforms-label-hide\">M\u00faltipla escolha<\/label><ul id=\"wpforms-39264-field_7\"><li class=\"choice-1 depth-1\"><input type=\"radio\" id=\"wpforms-39264-field_7_1\" name=\"wpforms[fields][7]\" value=\"Empresa\"  ><label class=\"wpforms-field-label-inline\" for=\"wpforms-39264-field_7_1\">Empresa<\/label><\/li><li class=\"choice-2 depth-1\"><input type=\"radio\" id=\"wpforms-39264-field_7_2\" name=\"wpforms[fields][7]\" value=\"Pessoa F\u00edsica\"  ><label class=\"wpforms-field-label-inline\" for=\"wpforms-39264-field_7_2\">Pessoa F\u00edsica<\/label><\/li><\/ul><\/div><\/div><!-- .wpforms-field-container --><div class=\"wpforms-field wpforms-field-hp\"><label for=\"wpforms-39264-field-hp\" class=\"wpforms-field-label\">Comment<\/label><input type=\"text\" name=\"wpforms[hp]\" id=\"wpforms-39264-field-hp\" class=\"wpforms-field-medium\"><\/div><div class=\"wpforms-submit-container\" ><input type=\"hidden\" name=\"wpforms[id]\" value=\"39264\"><input type=\"hidden\" name=\"page_title\" value=\"\"><input type=\"hidden\" name=\"page_url\" value=\"https:\/\/compareplanodesaude.com.br\/sulamerica-odonto\/wp-json\/wp\/v2\/pages\/31279\"><input type=\"hidden\" name=\"url_referer\" value=\"\"><button type=\"submit\" name=\"wpforms[submit]\" id=\"wpforms-submit-39264\" class=\"wpforms-submit form_button form_button_2x form_button_100\" data-alt-text=\"Solicitando...\" data-submit-text=\"Receber Liga\u00e7\u00e3o\" aria-live=\"assertive\" value=\"wpforms-submit\">Receber Liga\u00e7\u00e3o<\/button><\/div><\/form><\/div>  <!-- .wpforms-container -->\t\t\t\t<\/div>\n\t\t\t\t<\/div>\n\t\t\t\t\t<\/div>\n\t\t<\/div>\n\t\t\t\t\t<\/div>\n\t\t<\/section>\n\t\t\t\t<\/div>\n\t\t","protected":false},"excerpt":{"rendered":"<p>Mapa do site da SulAm\u00e9rica Odonto Assist\u00eancia Odontol\u00f3gica Contrate a SulAm\u00e9rica Odonto via WhatsApp (24h) Ligaremos para voc\u00ea em poucos minutos no hor\u00e1rio comercial Fale conosco tamb\u00e9m pelo telefone0800 &#8211; 6605454 Ou pelo WhatsApp (24 horas)(11) 9737 &#8211; 38801 Nosso endere\u00e7o \u00e9 Av. Paulista, n\u00ba 726 &#8211; 13\u00ba andar, conjunto 1303 \u2013 S\u00e3o Paulo\/SP Ligamos [&hellip;]<\/p>\n","protected":false},"author":1,"featured_media":0,"parent":0,"menu_order":0,"comment_status":"closed","ping_status":"closed","template":"","meta":{"footnotes":""},"tags":[],"class_list":["post-31279","page","type-page","status-publish","hentry"],"yoast_head":"<!-- This site is optimized with the Yoast SEO plugin v26.3 - https:\/\/yoast.com\/wordpress\/plugins\/seo\/ -->\n<title>Mapa do Site - SulAm\u00e9rica Odonto Assist\u00eancia Odontol\u00f3gica<\/title>\n<meta name=\"description\" content=\"Mapa do Site SulAm\u00e9rica Odonto Sa\u00fade - Pre\u00e7os Empresarial - Pre\u00e7os individual - Rede Credenciada - Benef\u00edcios e Vantagens - Hospital Pr\u00f3prio\" \/>\n<meta name=\"robots\" content=\"index, follow, max-snippet:-1, max-image-preview:large, max-video-preview:-1\" \/>\n<link rel=\"canonical\" href=\"https:\/\/compareplanodesaude.com.br\/sulamerica-odonto\/mapa-do-site\/\" \/>\n<meta property=\"og:locale\" content=\"pt_BR\" \/>\n<meta property=\"og:type\" content=\"article\" \/>\n<meta property=\"og:title\" content=\"Mapa do Site - SulAm\u00e9rica Odonto Assist\u00eancia Odontol\u00f3gica\" \/>\n<meta property=\"og:description\" content=\"Mapa do Site SulAm\u00e9rica Odonto Sa\u00fade - Pre\u00e7os Empresarial - Pre\u00e7os individual - Rede Credenciada - Benef\u00edcios e Vantagens - Hospital Pr\u00f3prio\" \/>\n<meta property=\"og:url\" content=\"https:\/\/compareplanodesaude.com.br\/sulamerica-odonto\/mapa-do-site\/\" \/>\n<meta property=\"og:site_name\" content=\"SulAm\u00e9rica Odonto Online\" \/>\n<meta property=\"article:modified_time\" content=\"2022-01-04T15:12:08+00:00\" \/>\n<meta name=\"twitter:card\" content=\"summary_large_image\" \/>\n<meta name=\"twitter:label1\" content=\"Est. tempo de leitura\" \/>\n\t<meta name=\"twitter:data1\" content=\"1 minuto\" \/>\n<script type=\"application\/ld+json\" class=\"yoast-schema-graph\">{\"@context\":\"https:\/\/schema.org\",\"@graph\":[{\"@type\":\"WebPage\",\"@id\":\"https:\/\/compareplanodesaude.com.br\/sulamerica-odonto\/mapa-do-site\/\",\"url\":\"https:\/\/compareplanodesaude.com.br\/sulamerica-odonto\/mapa-do-site\/\",\"name\":\"Mapa do Site - SulAm\u00e9rica Odonto Assist\u00eancia Odontol\u00f3gica\",\"isPartOf\":{\"@id\":\"https:\/\/compareplanodesaude.com.br\/sulamerica-odonto\/#website\"},\"datePublished\":\"2017-06-08T04:41:20+00:00\",\"dateModified\":\"2022-01-04T15:12:08+00:00\",\"description\":\"Mapa do Site SulAm\u00e9rica Odonto Sa\u00fade - Pre\u00e7os Empresarial - Pre\u00e7os individual - Rede Credenciada - Benef\u00edcios e Vantagens - Hospital Pr\u00f3prio\",\"inLanguage\":\"pt-BR\",\"potentialAction\":[{\"@type\":\"ReadAction\",\"target\":[\"https:\/\/compareplanodesaude.com.br\/sulamerica-odonto\/mapa-do-site\/\"]}]},{\"@type\":\"WebSite\",\"@id\":\"https:\/\/compareplanodesaude.com.br\/sulamerica-odonto\/#website\",\"url\":\"https:\/\/compareplanodesaude.com.br\/sulamerica-odonto\/\",\"name\":\"SulAm\u00e9rica Odonto Online\",\"description\":\"Planos Odontol\u00f3gicos SulAm\u00e9rica Odonto\",\"potentialAction\":[{\"@type\":\"SearchAction\",\"target\":{\"@type\":\"EntryPoint\",\"urlTemplate\":\"https:\/\/compareplanodesaude.com.br\/sulamerica-odonto\/?s={search_term_string}\"},\"query-input\":{\"@type\":\"PropertyValueSpecification\",\"valueRequired\":true,\"valueName\":\"search_term_string\"}}],\"inLanguage\":\"pt-BR\"}]}<\/script>\n<!-- \/ Yoast SEO plugin. -->","yoast_head_json":{"title":"Mapa do Site - SulAm\u00e9rica Odonto Assist\u00eancia Odontol\u00f3gica","description":"Mapa do Site SulAm\u00e9rica Odonto Sa\u00fade - Pre\u00e7os Empresarial - Pre\u00e7os individual - Rede Credenciada - Benef\u00edcios e Vantagens - Hospital Pr\u00f3prio","robots":{"index":"index","follow":"follow","max-snippet":"max-snippet:-1","max-image-preview":"max-image-preview:large","max-video-preview":"max-video-preview:-1"},"canonical":"https:\/\/compareplanodesaude.com.br\/sulamerica-odonto\/mapa-do-site\/","og_locale":"pt_BR","og_type":"article","og_title":"Mapa do Site - SulAm\u00e9rica Odonto Assist\u00eancia Odontol\u00f3gica","og_description":"Mapa do Site SulAm\u00e9rica Odonto Sa\u00fade - Pre\u00e7os Empresarial - Pre\u00e7os individual - Rede Credenciada - Benef\u00edcios e Vantagens - Hospital Pr\u00f3prio","og_url":"https:\/\/compareplanodesaude.com.br\/sulamerica-odonto\/mapa-do-site\/","og_site_name":"SulAm\u00e9rica Odonto Online","article_modified_time":"2022-01-04T15:12:08+00:00","twitter_card":"summary_large_image","twitter_misc":{"Est. tempo de leitura":"1 minuto"},"schema":{"@context":"https:\/\/schema.org","@graph":[{"@type":"WebPage","@id":"https:\/\/compareplanodesaude.com.br\/sulamerica-odonto\/mapa-do-site\/","url":"https:\/\/compareplanodesaude.com.br\/sulamerica-odonto\/mapa-do-site\/","name":"Mapa do Site - SulAm\u00e9rica Odonto Assist\u00eancia Odontol\u00f3gica","isPartOf":{"@id":"https:\/\/compareplanodesaude.com.br\/sulamerica-odonto\/#website"},"datePublished":"2017-06-08T04:41:20+00:00","dateModified":"2022-01-04T15:12:08+00:00","description":"Mapa do Site SulAm\u00e9rica Odonto Sa\u00fade - Pre\u00e7os Empresarial - Pre\u00e7os individual - Rede Credenciada - Benef\u00edcios e Vantagens - Hospital Pr\u00f3prio","inLanguage":"pt-BR","potentialAction":[{"@type":"ReadAction","target":["https:\/\/compareplanodesaude.com.br\/sulamerica-odonto\/mapa-do-site\/"]}]},{"@type":"WebSite","@id":"https:\/\/compareplanodesaude.com.br\/sulamerica-odonto\/#website","url":"https:\/\/compareplanodesaude.com.br\/sulamerica-odonto\/","name":"SulAm\u00e9rica Odonto Online","description":"Planos Odontol\u00f3gicos SulAm\u00e9rica Odonto","potentialAction":[{"@type":"SearchAction","target":{"@type":"EntryPoint","urlTemplate":"https:\/\/compareplanodesaude.com.br\/sulamerica-odonto\/?s={search_term_string}"},"query-input":{"@type":"PropertyValueSpecification","valueRequired":true,"valueName":"search_term_string"}}],"inLanguage":"pt-BR"}]}},"_links":{"self":[{"href":"https:\/\/compareplanodesaude.com.br\/sulamerica-odonto\/wp-json\/wp\/v2\/pages\/31279","targetHints":{"allow":["GET"]}}],"collection":[{"href":"https:\/\/compareplanodesaude.com.br\/sulamerica-odonto\/wp-json\/wp\/v2\/pages"}],"about":[{"href":"https:\/\/compareplanodesaude.com.br\/sulamerica-odonto\/wp-json\/wp\/v2\/types\/page"}],"author":[{"embeddable":true,"href":"https:\/\/compareplanodesaude.com.br\/sulamerica-odonto\/wp-json\/wp\/v2\/users\/1"}],"replies":[{"embeddable":true,"href":"https:\/\/compareplanodesaude.com.br\/sulamerica-odonto\/wp-json\/wp\/v2\/comments?post=31279"}],"version-history":[{"count":0,"href":"https:\/\/compareplanodesaude.com.br\/sulamerica-odonto\/wp-json\/wp\/v2\/pages\/31279\/revisions"}],"wp:attachment":[{"href":"https:\/\/compareplanodesaude.com.br\/sulamerica-odonto\/wp-json\/wp\/v2\/media?parent=31279"}],"wp:term":[{"taxonomy":"post_tag","embeddable":true,"href":"https:\/\/compareplanodesaude.com.br\/sulamerica-odonto\/wp-json\/wp\/v2\/tags?post=31279"}],"curies":[{"name":"wp","href":"https:\/\/api.w.org\/{rel}","templated":true}]}}