{"id":368,"date":"2023-02-27T14:56:05","date_gmt":"2023-02-27T17:56:05","guid":{"rendered":"https:\/\/compareplanodesaude.com.br\/alice\/?page_id=368"},"modified":"2025-12-01T16:48:54","modified_gmt":"2025-12-01T19:48:54","slug":"contato","status":"publish","type":"page","link":"https:\/\/compareplanodesaude.com.br\/alice\/contato\/","title":{"rendered":"Contato"},"content":{"rendered":"\t\t<div data-elementor-type=\"wp-page\" data-elementor-id=\"368\" class=\"elementor elementor-368\" data-elementor-post-type=\"page\">\n\t\t\t\t\t\t<section class=\"elementor-section elementor-top-section elementor-element elementor-element-2d2b2237 elementor-section-boxed elementor-section-height-default elementor-section-height-default\" data-id=\"2d2b2237\" data-element_type=\"section\" data-settings=\"{&quot;background_background&quot;:&quot;gradient&quot;,&quot;shape_divider_bottom&quot;:&quot;triangle&quot;,&quot;shape_divider_bottom_negative&quot;:&quot;yes&quot;}\">\n\t\t\t\t\t<div class=\"elementor-shape elementor-shape-bottom\" aria-hidden=\"true\" data-negative=\"true\">\n\t\t\t<svg xmlns=\"http:\/\/www.w3.org\/2000\/svg\" viewBox=\"0 0 1000 100\" preserveAspectRatio=\"none\">\n\t<path class=\"elementor-shape-fill\" d=\"M500.2,94.7L0,0v100h1000V0L500.2,94.7z\"\/>\n<\/svg>\t\t<\/div>\n\t\t\t\t\t<div class=\"elementor-container elementor-column-gap-default\">\n\t\t\t\t\t<div class=\"elementor-column elementor-col-50 elementor-top-column elementor-element elementor-element-70eda6bb\" data-id=\"70eda6bb\" data-element_type=\"column\">\n\t\t\t<div class=\"elementor-widget-wrap elementor-element-populated\">\n\t\t\t\t\t\t<div class=\"elementor-element elementor-element-bd01590 elementor-widget elementor-widget-heading\" data-id=\"bd01590\" data-element_type=\"widget\" data-widget_type=\"heading.default\">\n\t\t\t\t<div class=\"elementor-widget-container\">\n\t\t\t\t\t<h1 class=\"elementor-heading-title elementor-size-default\">Entre em contato!<\/h1>\t\t\t\t<\/div>\n\t\t\t\t<\/div>\n\t\t\t\t<div class=\"elementor-element elementor-element-77f7040c elementor-widget elementor-widget-text-editor\" data-id=\"77f7040c\" data-element_type=\"widget\" data-widget_type=\"text-editor.default\">\n\t\t\t\t<div class=\"elementor-widget-container\">\n\t\t\t\t\t\t\t\t\t<p>Escolha o melhor canal de comunica\u00e7\u00e3o para que possamos iniciar a sua consultoria especializada.<\/p>\t\t\t\t\t\t\t\t<\/div>\n\t\t\t\t<\/div>\n\t\t\t\t<div class=\"elementor-element elementor-element-7039a5a1 elementor-widget elementor-widget-text-editor\" data-id=\"7039a5a1\" data-element_type=\"widget\" data-widget_type=\"text-editor.default\">\n\t\t\t\t<div class=\"elementor-widget-container\">\n\t\t\t\t\t\t\t\t\t<p><strong>Telefone: (11) 3863-7901<\/strong><\/p><p><strong>WhatsApp: (11) 96492-9380 <\/strong><\/p>\t\t\t\t\t\t\t\t<\/div>\n\t\t\t\t<\/div>\n\t\t\t\t<div class=\"elementor-element elementor-element-38fea832 elementor-widget elementor-widget-text-editor\" data-id=\"38fea832\" data-element_type=\"widget\" data-widget_type=\"text-editor.default\">\n\t\t\t\t<div class=\"elementor-widget-container\">\n\t\t\t\t\t\t\t\t\t<p>Atendimento 24 horas<\/p><p>\u00a0<\/p><p>Matriz sediada na Av. Paulista, n\u00ba 726 \u2013 13\u00ba andar, conjunto 1303 \u2013 S\u00e3o Paulo\/SP no CEP 01310-910.<\/p>\t\t\t\t\t\t\t\t<\/div>\n\t\t\t\t<\/div>\n\t\t\t\t<div class=\"elementor-element elementor-element-35526e57 elementor-align-center elementor-widget elementor-widget-button\" data-id=\"35526e57\" data-element_type=\"widget\" data-widget_type=\"button.default\">\n\t\t\t\t<div class=\"elementor-widget-container\">\n\t\t\t\t\t\t\t\t\t<div class=\"elementor-button-wrapper\">\n\t\t\t\t\t<a class=\"elementor-button elementor-button-link elementor-size-xl\" href=\"\/alice\/cotacao-online\/\">\n\t\t\t\t\t\t<span class=\"elementor-button-content-wrapper\">\n\t\t\t\t\t\t\t\t\t<span class=\"elementor-button-text\">COTA\u00c7\u00c3O ONLINE<\/span>\n\t\t\t\t\t<\/span>\n\t\t\t\t\t<\/a>\n\t\t\t\t<\/div>\n\t\t\t\t\t\t\t\t<\/div>\n\t\t\t\t<\/div>\n\t\t\t\t\t<\/div>\n\t\t<\/div>\n\t\t\t\t<div class=\"elementor-column elementor-col-50 elementor-top-column elementor-element elementor-element-39f3efb3\" data-id=\"39f3efb3\" data-element_type=\"column\">\n\t\t\t<div class=\"elementor-widget-wrap elementor-element-populated\">\n\t\t\t\t\t\t<div class=\"elementor-element elementor-element-7824c21 elementor-widget elementor-widget-image\" data-id=\"7824c21\" data-element_type=\"widget\" data-widget_type=\"image.default\">\n\t\t\t\t<div class=\"elementor-widget-container\">\n\t\t\t\t\t\t\t\t\t\t\t\t\t\t\t<img fetchpriority=\"high\" decoding=\"async\" width=\"800\" height=\"630\" src=\"https:\/\/compareplanodesaude.com.br\/alice\/wp-content\/uploads\/sites\/60\/2023\/02\/insurance-21.png\" class=\"attachment-large size-large wp-image-335\" alt=\"\" srcset=\"https:\/\/compareplanodesaude.com.br\/alice\/wp-content\/uploads\/sites\/60\/2023\/02\/insurance-21.png 800w, https:\/\/compareplanodesaude.com.br\/alice\/wp-content\/uploads\/sites\/60\/2023\/02\/insurance-21-300x236.png 300w, https:\/\/compareplanodesaude.com.br\/alice\/wp-content\/uploads\/sites\/60\/2023\/02\/insurance-21-768x605.png 768w, https:\/\/compareplanodesaude.com.br\/alice\/wp-content\/uploads\/sites\/60\/2023\/02\/insurance-21-150x118.png 150w\" sizes=\"(max-width: 800px) 100vw, 800px\" \/>\t\t\t\t\t\t\t\t\t\t\t\t\t\t\t<\/div>\n\t\t\t\t<\/div>\n\t\t\t\t\t<\/div>\n\t\t<\/div>\n\t\t\t\t\t<\/div>\n\t\t<\/section>\n\t\t\t\t<section class=\"elementor-section elementor-top-section elementor-element elementor-element-79ea1162 elementor-section-boxed elementor-section-height-default elementor-section-height-default\" data-id=\"79ea1162\" data-element_type=\"section\">\n\t\t\t\t\t\t<div class=\"elementor-container elementor-column-gap-default\">\n\t\t\t\t\t<div class=\"elementor-column elementor-col-100 elementor-top-column elementor-element elementor-element-63065115\" data-id=\"63065115\" data-element_type=\"column\">\n\t\t\t<div class=\"elementor-widget-wrap elementor-element-populated\">\n\t\t\t\t\t\t<div class=\"elementor-element elementor-element-3f50ced6 elementor-widget elementor-widget-text-editor\" data-id=\"3f50ced6\" data-element_type=\"widget\" data-widget_type=\"text-editor.default\">\n\t\t\t\t<div class=\"elementor-widget-container\">\n\t\t\t\t\t\t\t\t\t<p>Siga nossas redes sociais<\/p>\t\t\t\t\t\t\t\t<\/div>\n\t\t\t\t<\/div>\n\t\t\t\t<div class=\"elementor-element elementor-element-6b7460dd elementor-shape-rounded elementor-grid-0 e-grid-align-center elementor-widget elementor-widget-social-icons\" data-id=\"6b7460dd\" data-element_type=\"widget\" data-widget_type=\"social-icons.default\">\n\t\t\t\t<div class=\"elementor-widget-container\">\n\t\t\t\t\t\t\t<div class=\"elementor-social-icons-wrapper elementor-grid\" role=\"list\">\n\t\t\t\t\t\t\t<span class=\"elementor-grid-item\" role=\"listitem\">\n\t\t\t\t\t<a class=\"elementor-icon elementor-social-icon elementor-social-icon-google-plus-g elementor-repeater-item-4f769de\" href=\"https:\/\/plus.google.com\/up\/?continue=https:\/\/plus.google.com\/share\" target=\"_blank\">\n\t\t\t\t\t\t<span class=\"elementor-screen-only\">Google-plus-g<\/span>\n\t\t\t\t\t\t<i aria-hidden=\"true\" class=\"fab fa-google-plus-g\"><\/i>\t\t\t\t\t<\/a>\n\t\t\t\t<\/span>\n\t\t\t\t\t\t\t<span class=\"elementor-grid-item\" role=\"listitem\">\n\t\t\t\t\t<a class=\"elementor-icon elementor-social-icon elementor-social-icon-facebook elementor-repeater-item-18af4fa\" href=\"https:\/\/www.facebook.com\/compareseguros\" target=\"_blank\">\n\t\t\t\t\t\t<span class=\"elementor-screen-only\">Facebook<\/span>\n\t\t\t\t\t\t<i aria-hidden=\"true\" class=\"fab fa-facebook\"><\/i>\t\t\t\t\t<\/a>\n\t\t\t\t<\/span>\n\t\t\t\t\t\t\t<span class=\"elementor-grid-item\" role=\"listitem\">\n\t\t\t\t\t<a class=\"elementor-icon elementor-social-icon elementor-social-icon-twitter elementor-repeater-item-5c7c92e\" href=\"https:\/\/twitter.com\/compare_seguros\" target=\"_blank\">\n\t\t\t\t\t\t<span class=\"elementor-screen-only\">Twitter<\/span>\n\t\t\t\t\t\t<i aria-hidden=\"true\" class=\"fab fa-twitter\"><\/i>\t\t\t\t\t<\/a>\n\t\t\t\t<\/span>\n\t\t\t\t\t\t\t<span class=\"elementor-grid-item\" role=\"listitem\">\n\t\t\t\t\t<a class=\"elementor-icon elementor-social-icon elementor-social-icon-instagram elementor-repeater-item-43aa98d\" href=\"https:\/\/www.instagram.com\/comparesegurosoficial\/\" target=\"_blank\">\n\t\t\t\t\t\t<span class=\"elementor-screen-only\">Instagram<\/span>\n\t\t\t\t\t\t<i aria-hidden=\"true\" class=\"fab fa-instagram\"><\/i>\t\t\t\t\t<\/a>\n\t\t\t\t<\/span>\n\t\t\t\t\t\t\t<span class=\"elementor-grid-item\" role=\"listitem\">\n\t\t\t\t\t<a class=\"elementor-icon elementor-social-icon elementor-social-icon-youtube elementor-repeater-item-96c5f3a\" href=\"https:\/\/www.youtube.com\/channel\/UCl-h2E0msIV6bAsqr83oSSQ\" target=\"_blank\">\n\t\t\t\t\t\t<span class=\"elementor-screen-only\">Youtube<\/span>\n\t\t\t\t\t\t<i aria-hidden=\"true\" class=\"fab fa-youtube\"><\/i>\t\t\t\t\t<\/a>\n\t\t\t\t<\/span>\n\t\t\t\t\t<\/div>\n\t\t\t\t\t\t<\/div>\n\t\t\t\t<\/div>\n\t\t\t\t\t<\/div>\n\t\t<\/div>\n\t\t\t\t\t<\/div>\n\t\t<\/section>\n\t\t\t\t<section class=\"elementor-section elementor-top-section elementor-element elementor-element-7cf5c562 elementor-section-boxed elementor-section-height-default elementor-section-height-default\" data-id=\"7cf5c562\" data-element_type=\"section\" data-settings=\"{&quot;background_background&quot;:&quot;classic&quot;}\">\n\t\t\t\t\t\t\t<div class=\"elementor-background-overlay\"><\/div>\n\t\t\t\t\t\t\t<div class=\"elementor-container elementor-column-gap-default\">\n\t\t\t\t\t<div class=\"elementor-column elementor-col-50 elementor-top-column elementor-element elementor-element-17fdcd21\" data-id=\"17fdcd21\" data-element_type=\"column\">\n\t\t\t<div class=\"elementor-widget-wrap elementor-element-populated\">\n\t\t\t\t\t\t<div class=\"elementor-element elementor-element-519fc4c elementor-widget elementor-widget-image\" data-id=\"519fc4c\" data-element_type=\"widget\" data-widget_type=\"image.default\">\n\t\t\t\t<div class=\"elementor-widget-container\">\n\t\t\t\t\t\t\t\t\t\t\t\t\t\t\t<img decoding=\"async\" width=\"800\" height=\"647\" src=\"https:\/\/compareplanodesaude.com.br\/alice\/wp-content\/uploads\/sites\/60\/2023\/02\/insurance-31.png\" class=\"attachment-large size-large wp-image-336\" alt=\"\" srcset=\"https:\/\/compareplanodesaude.com.br\/alice\/wp-content\/uploads\/sites\/60\/2023\/02\/insurance-31.png 800w, https:\/\/compareplanodesaude.com.br\/alice\/wp-content\/uploads\/sites\/60\/2023\/02\/insurance-31-300x243.png 300w, https:\/\/compareplanodesaude.com.br\/alice\/wp-content\/uploads\/sites\/60\/2023\/02\/insurance-31-768x621.png 768w, https:\/\/compareplanodesaude.com.br\/alice\/wp-content\/uploads\/sites\/60\/2023\/02\/insurance-31-150x121.png 150w\" sizes=\"(max-width: 800px) 100vw, 800px\" \/>\t\t\t\t\t\t\t\t\t\t\t\t\t\t\t<\/div>\n\t\t\t\t<\/div>\n\t\t\t\t\t<\/div>\n\t\t<\/div>\n\t\t\t\t<div class=\"elementor-column elementor-col-50 elementor-top-column elementor-element elementor-element-670cf546\" data-id=\"670cf546\" data-element_type=\"column\">\n\t\t\t<div class=\"elementor-widget-wrap elementor-element-populated\">\n\t\t\t\t\t\t<div class=\"elementor-element elementor-element-704e54f1 desconto-form elementor-widget elementor-widget-wpforms\" data-id=\"704e54f1\" data-element_type=\"widget\" data-widget_type=\"wpforms.default\">\n\t\t\t\t<div class=\"elementor-widget-container\">\n\t\t\t\t\t<div class=\"wpforms-container wpforms-container-full wpforms-form-abandonment\" id=\"wpforms-330\"><form id=\"wpforms-form-330\" class=\"wpforms-validate wpforms-form\" data-formid=\"330\" method=\"post\" enctype=\"multipart\/form-data\" action=\"\/alice\/wp-json\/wp\/v2\/pages\/368\" data-token=\"08943bf9dfc66e5823988e83dedcf173\" data-token-time=\"1779022435\"><noscript class=\"wpforms-error-noscript\">Ative o JavaScript no seu navegador para preencher este formul\u00e1rio.<\/noscript><div class=\"wpforms-field-container\"><div id=\"wpforms-330-field_15-container\" class=\"wpforms-field wpforms-field-name placeholder-black\" data-field-id=\"15\"><label class=\"wpforms-field-label wpforms-label-hide\" for=\"wpforms-330-field_15\">Nome <span class=\"wpforms-required-label\">*<\/span><\/label><input type=\"text\" id=\"wpforms-330-field_15\" class=\"wpforms-field-large wpforms-field-required\" name=\"wpforms[fields][15]\" placeholder=\"Nome\" required><\/div><div id=\"wpforms-330-field_19-container\" class=\"wpforms-field wpforms-field-email\" data-field-id=\"19\"><label class=\"wpforms-field-label wpforms-label-hide\" for=\"wpforms-330-field_19\">E-mail <span class=\"wpforms-required-label\">*<\/span><\/label><input type=\"email\" id=\"wpforms-330-field_19\" class=\"wpforms-field-large wpforms-field-required\" name=\"wpforms[fields][19]\" placeholder=\"E-mail\" spellcheck=\"false\" required><\/div><div id=\"wpforms-330-field_25-container\" class=\"wpforms-field wpforms-field-text\" data-field-id=\"25\"><label class=\"wpforms-field-label wpforms-label-hide\" for=\"wpforms-330-field_25\">Celular <span class=\"wpforms-required-label\">*<\/span><\/label><input type=\"text\" id=\"wpforms-330-field_25\" class=\"wpforms-field-large wpforms-field-required wpforms-masked-input\" data-rule-inputmask-incomplete=\"1\" data-inputmask-mask=\"(99) 99999-9999\" name=\"wpforms[fields][25]\" placeholder=\"Celular\" required><\/div><div id=\"wpforms-330-field_21-container\" class=\"wpforms-field wpforms-field-radio formsemcor wpforms-list-inline wpforms-conditional-trigger\" data-field-id=\"21\"><label class=\"wpforms-field-label wpforms-label-hide\">Tipo de cliente<\/label><ul id=\"wpforms-330-field_21\" class=\"wpforms-image-choices wpforms-image-choices-modern\"><li class=\"choice-1 depth-1 wpforms-image-choices-item\"><label class=\"wpforms-field-label-inline\" for=\"wpforms-330-field_21_1\" tabindex=\"0\"><span class=\"wpforms-image-choices-image\"><\/span><input type=\"radio\" id=\"wpforms-330-field_21_1\" class=\"wpforms-screen-reader-element\" name=\"wpforms[fields][21]\" value=\"J\u00e1 sou cliente\" tabindex=\"-1\"  ><span class=\"wpforms-image-choices-label\">J\u00e1 sou cliente<\/span><\/label><\/li><li class=\"choice-2 depth-1 wpforms-image-choices-item\"><label class=\"wpforms-field-label-inline\" for=\"wpforms-330-field_21_2\" tabindex=\"0\"><span class=\"wpforms-image-choices-image\"><\/span><input type=\"radio\" id=\"wpforms-330-field_21_2\" class=\"wpforms-screen-reader-element\" name=\"wpforms[fields][21]\" value=\"N\u00e3o sou cliente\" tabindex=\"-1\"  ><span class=\"wpforms-image-choices-label\">N\u00e3o sou cliente<\/span><\/label><\/li><\/ul><\/div><div id=\"wpforms-330-field_22-container\" class=\"wpforms-field wpforms-field-html acord-contato wpforms-conditional-field wpforms-conditional-show\" data-field-id=\"22\" style=\"display:none;\"><div id=\"wpforms-330-field_22\">Movimenta\u00e7\u00e3o Cadastral\r\n\r\nInclus\u00e3o e exclus\u00e3o de dependentes, altera\u00e7\u00e3o de dados, entre outros servi\u00e7os.               \r\n4004 - 2700  Capitais e regi\u00f5es metropolitanas.  0800 701 2700  Demais localidades.\r\n \r\n \r\n\t\t\t\t\r\n Segunda Via de boleto\r\n\r\n 4004 - 2700  Capitais e regi\u00f5es metropolitanas. \r\n0800 701 2700  Demais localidade.  \r\n \r\n \r\n\t\t\t\t\r\nAgendamento\r\n\r\n 4004 - 2700  Capitais e regi\u00f5es metropolitanas. \r\n0800 701 2700  Demais localidades.  \r\n \r\n \r\n\t\t\t\t\r\nOutros\r\n\r\n 4004 - 2700  Capitais e regi\u00f5es metropolitanas. \r\n0800 701 2700  Demais localidades.<\/div><\/div><div id=\"wpforms-330-field_23-container\" class=\"wpforms-field wpforms-field-html acord-contato wpforms-conditional-field wpforms-conditional-show\" data-field-id=\"23\" style=\"display:none;\"><div id=\"wpforms-330-field_23\">Cota\u00e7\u00e3o\r\n\r\nSolicite uma cota\u00e7\u00e3o online e um de nossos consultores entrar\u00e1 em contato.\r\n \r\n \r\n\t\t\t\t\r\n\t\t\t\t\r\nCarta de Perman\u00eancia\r\n\r\nPara solicitar sua carta de perman\u00eancia entre em contato atrav\u00e9s dos n\u00fameros:   \r\n(11) 95591-3910 \r\n \r\n \r\n\t\t\t\t\r\nOutros\r\n\r\nPara outras solicita\u00e7\u00f5es entre em contato:  \r\n(11) 95591-3910<\/div><\/div><div id=\"wpforms-330-field_20-container\" class=\"wpforms-field wpforms-field-textarea\" data-field-id=\"20\"><label class=\"wpforms-field-label wpforms-label-hide\" for=\"wpforms-330-field_20\">Mensagem<\/label><textarea id=\"wpforms-330-field_20\" class=\"wpforms-field-medium\" name=\"wpforms[fields][20]\" placeholder=\"Digite Aqui\" ><\/textarea><\/div><\/div><!-- .wpforms-field-container --><div class=\"wpforms-submit-container\" ><input type=\"hidden\" name=\"wpforms[id]\" value=\"330\"><input type=\"hidden\" name=\"page_title\" value=\"\"><input type=\"hidden\" name=\"page_url\" value=\"https:\/\/compareplanodesaude.com.br\/alice\/wp-json\/wp\/v2\/pages\/368\"><input type=\"hidden\" name=\"url_referer\" value=\"\"><button type=\"submit\" name=\"wpforms[submit]\" id=\"wpforms-submit-330\" class=\"wpforms-submit\" data-alt-text=\"ENVIANDO\" data-submit-text=\"ENVIAR\" aria-live=\"assertive\" value=\"wpforms-submit\">ENVIAR<\/button><\/div><\/form><\/div>  <!-- .wpforms-container -->\t\t\t\t<\/div>\n\t\t\t\t<\/div>\n\t\t\t\t\t<\/div>\n\t\t<\/div>\n\t\t\t\t\t<\/div>\n\t\t<\/section>\n\t\t\t\t<\/div>\n\t\t","protected":false},"excerpt":{"rendered":"<p>Entre em contato! Escolha o melhor canal de comunica\u00e7\u00e3o para que possamos iniciar a sua consultoria especializada. Telefone: (11) 3863-7901 WhatsApp: (11) 96492-9380 Atendimento 24 horas \u00a0 Matriz sediada na Av. Paulista, n\u00ba 726 \u2013 13\u00ba andar, conjunto 1303 \u2013 S\u00e3o Paulo\/SP no CEP 01310-910. COTA\u00c7\u00c3O ONLINE Siga nossas redes sociais Google-plus-g Facebook Twitter Instagram [&hellip;]<\/p>\n","protected":false},"author":1,"featured_media":0,"parent":0,"menu_order":0,"comment_status":"closed","ping_status":"closed","template":"","meta":{"footnotes":""},"tags":[],"class_list":["post-368","page","type-page","status-publish","hentry"],"yoast_head":"<!-- This site is optimized with the Yoast SEO plugin v26.3 - https:\/\/yoast.com\/wordpress\/plugins\/seo\/ -->\n<title>Contato - Alice<\/title>\n<meta name=\"robots\" content=\"index, follow, max-snippet:-1, max-image-preview:large, max-video-preview:-1\" \/>\n<link rel=\"canonical\" href=\"https:\/\/compareplanodesaude.com.br\/alice\/contato\/\" \/>\n<meta property=\"og:locale\" content=\"pt_BR\" \/>\n<meta property=\"og:type\" content=\"article\" \/>\n<meta property=\"og:title\" content=\"Contato - Alice\" \/>\n<meta property=\"og:description\" content=\"Entre em contato! Escolha o melhor canal de comunica\u00e7\u00e3o para que possamos iniciar a sua consultoria especializada. Telefone: (11) 3863-7901 WhatsApp: (11) 96492-9380 Atendimento 24 horas \u00a0 Matriz sediada na Av. Paulista, n\u00ba 726 \u2013 13\u00ba andar, conjunto 1303 \u2013 S\u00e3o Paulo\/SP no CEP 01310-910. COTA\u00c7\u00c3O ONLINE Siga nossas redes sociais Google-plus-g Facebook Twitter Instagram [&hellip;]\" \/>\n<meta property=\"og:url\" content=\"https:\/\/compareplanodesaude.com.br\/alice\/contato\/\" \/>\n<meta property=\"og:site_name\" content=\"Alice\" \/>\n<meta property=\"article:modified_time\" content=\"2025-12-01T19:48:54+00:00\" \/>\n<meta property=\"og:image\" content=\"https:\/\/compareplanodesaude.com.br\/alice\/wp-content\/uploads\/sites\/60\/2023\/02\/insurance-21.png\" \/>\n\t<meta property=\"og:image:width\" content=\"800\" \/>\n\t<meta property=\"og:image:height\" content=\"630\" \/>\n\t<meta property=\"og:image:type\" content=\"image\/png\" \/>\n<meta name=\"twitter:card\" content=\"summary_large_image\" \/>\n<meta name=\"twitter:label1\" content=\"Est. tempo de leitura\" \/>\n\t<meta name=\"twitter:data1\" content=\"2 minutos\" \/>\n<script type=\"application\/ld+json\" class=\"yoast-schema-graph\">{\"@context\":\"https:\/\/schema.org\",\"@graph\":[{\"@type\":\"WebPage\",\"@id\":\"https:\/\/compareplanodesaude.com.br\/alice\/contato\/\",\"url\":\"https:\/\/compareplanodesaude.com.br\/alice\/contato\/\",\"name\":\"Contato - Alice\",\"isPartOf\":{\"@id\":\"https:\/\/compareplanodesaude.com.br\/alice\/#website\"},\"primaryImageOfPage\":{\"@id\":\"https:\/\/compareplanodesaude.com.br\/alice\/contato\/#primaryimage\"},\"image\":{\"@id\":\"https:\/\/compareplanodesaude.com.br\/alice\/contato\/#primaryimage\"},\"thumbnailUrl\":\"https:\/\/compareplanodesaude.com.br\/alice\/wp-content\/uploads\/sites\/60\/2023\/02\/insurance-21.png\",\"datePublished\":\"2023-02-27T17:56:05+00:00\",\"dateModified\":\"2025-12-01T19:48:54+00:00\",\"breadcrumb\":{\"@id\":\"https:\/\/compareplanodesaude.com.br\/alice\/contato\/#breadcrumb\"},\"inLanguage\":\"pt-BR\",\"potentialAction\":[{\"@type\":\"ReadAction\",\"target\":[\"https:\/\/compareplanodesaude.com.br\/alice\/contato\/\"]}]},{\"@type\":\"ImageObject\",\"inLanguage\":\"pt-BR\",\"@id\":\"https:\/\/compareplanodesaude.com.br\/alice\/contato\/#primaryimage\",\"url\":\"https:\/\/compareplanodesaude.com.br\/alice\/wp-content\/uploads\/sites\/60\/2023\/02\/insurance-21.png\",\"contentUrl\":\"https:\/\/compareplanodesaude.com.br\/alice\/wp-content\/uploads\/sites\/60\/2023\/02\/insurance-21.png\",\"width\":800,\"height\":630},{\"@type\":\"BreadcrumbList\",\"@id\":\"https:\/\/compareplanodesaude.com.br\/alice\/contato\/#breadcrumb\",\"itemListElement\":[{\"@type\":\"ListItem\",\"position\":1,\"name\":\"In\u00edcio\",\"item\":\"https:\/\/compareplanodesaude.com.br\/alice\/\"},{\"@type\":\"ListItem\",\"position\":2,\"name\":\"Contato\"}]},{\"@type\":\"WebSite\",\"@id\":\"https:\/\/compareplanodesaude.com.br\/alice\/#website\",\"url\":\"https:\/\/compareplanodesaude.com.br\/alice\/\",\"name\":\"Alice\",\"description\":\"Alice\",\"potentialAction\":[{\"@type\":\"SearchAction\",\"target\":{\"@type\":\"EntryPoint\",\"urlTemplate\":\"https:\/\/compareplanodesaude.com.br\/alice\/?s={search_term_string}\"},\"query-input\":{\"@type\":\"PropertyValueSpecification\",\"valueRequired\":true,\"valueName\":\"search_term_string\"}}],\"inLanguage\":\"pt-BR\"}]}<\/script>\n<!-- \/ Yoast SEO plugin. -->","yoast_head_json":{"title":"Contato - Alice","robots":{"index":"index","follow":"follow","max-snippet":"max-snippet:-1","max-image-preview":"max-image-preview:large","max-video-preview":"max-video-preview:-1"},"canonical":"https:\/\/compareplanodesaude.com.br\/alice\/contato\/","og_locale":"pt_BR","og_type":"article","og_title":"Contato - Alice","og_description":"Entre em contato! Escolha o melhor canal de comunica\u00e7\u00e3o para que possamos iniciar a sua consultoria especializada. Telefone: (11) 3863-7901 WhatsApp: (11) 96492-9380 Atendimento 24 horas \u00a0 Matriz sediada na Av. Paulista, n\u00ba 726 \u2013 13\u00ba andar, conjunto 1303 \u2013 S\u00e3o Paulo\/SP no CEP 01310-910. COTA\u00c7\u00c3O ONLINE Siga nossas redes sociais Google-plus-g Facebook Twitter Instagram [&hellip;]","og_url":"https:\/\/compareplanodesaude.com.br\/alice\/contato\/","og_site_name":"Alice","article_modified_time":"2025-12-01T19:48:54+00:00","og_image":[{"width":800,"height":630,"url":"https:\/\/compareplanodesaude.com.br\/alice\/wp-content\/uploads\/sites\/60\/2023\/02\/insurance-21.png","type":"image\/png"}],"twitter_card":"summary_large_image","twitter_misc":{"Est. tempo de leitura":"2 minutos"},"schema":{"@context":"https:\/\/schema.org","@graph":[{"@type":"WebPage","@id":"https:\/\/compareplanodesaude.com.br\/alice\/contato\/","url":"https:\/\/compareplanodesaude.com.br\/alice\/contato\/","name":"Contato - Alice","isPartOf":{"@id":"https:\/\/compareplanodesaude.com.br\/alice\/#website"},"primaryImageOfPage":{"@id":"https:\/\/compareplanodesaude.com.br\/alice\/contato\/#primaryimage"},"image":{"@id":"https:\/\/compareplanodesaude.com.br\/alice\/contato\/#primaryimage"},"thumbnailUrl":"https:\/\/compareplanodesaude.com.br\/alice\/wp-content\/uploads\/sites\/60\/2023\/02\/insurance-21.png","datePublished":"2023-02-27T17:56:05+00:00","dateModified":"2025-12-01T19:48:54+00:00","breadcrumb":{"@id":"https:\/\/compareplanodesaude.com.br\/alice\/contato\/#breadcrumb"},"inLanguage":"pt-BR","potentialAction":[{"@type":"ReadAction","target":["https:\/\/compareplanodesaude.com.br\/alice\/contato\/"]}]},{"@type":"ImageObject","inLanguage":"pt-BR","@id":"https:\/\/compareplanodesaude.com.br\/alice\/contato\/#primaryimage","url":"https:\/\/compareplanodesaude.com.br\/alice\/wp-content\/uploads\/sites\/60\/2023\/02\/insurance-21.png","contentUrl":"https:\/\/compareplanodesaude.com.br\/alice\/wp-content\/uploads\/sites\/60\/2023\/02\/insurance-21.png","width":800,"height":630},{"@type":"BreadcrumbList","@id":"https:\/\/compareplanodesaude.com.br\/alice\/contato\/#breadcrumb","itemListElement":[{"@type":"ListItem","position":1,"name":"In\u00edcio","item":"https:\/\/compareplanodesaude.com.br\/alice\/"},{"@type":"ListItem","position":2,"name":"Contato"}]},{"@type":"WebSite","@id":"https:\/\/compareplanodesaude.com.br\/alice\/#website","url":"https:\/\/compareplanodesaude.com.br\/alice\/","name":"Alice","description":"Alice","potentialAction":[{"@type":"SearchAction","target":{"@type":"EntryPoint","urlTemplate":"https:\/\/compareplanodesaude.com.br\/alice\/?s={search_term_string}"},"query-input":{"@type":"PropertyValueSpecification","valueRequired":true,"valueName":"search_term_string"}}],"inLanguage":"pt-BR"}]}},"_links":{"self":[{"href":"https:\/\/compareplanodesaude.com.br\/alice\/wp-json\/wp\/v2\/pages\/368","targetHints":{"allow":["GET"]}}],"collection":[{"href":"https:\/\/compareplanodesaude.com.br\/alice\/wp-json\/wp\/v2\/pages"}],"about":[{"href":"https:\/\/compareplanodesaude.com.br\/alice\/wp-json\/wp\/v2\/types\/page"}],"author":[{"embeddable":true,"href":"https:\/\/compareplanodesaude.com.br\/alice\/wp-json\/wp\/v2\/users\/1"}],"replies":[{"embeddable":true,"href":"https:\/\/compareplanodesaude.com.br\/alice\/wp-json\/wp\/v2\/comments?post=368"}],"version-history":[{"count":10,"href":"https:\/\/compareplanodesaude.com.br\/alice\/wp-json\/wp\/v2\/pages\/368\/revisions"}],"predecessor-version":[{"id":14749,"href":"https:\/\/compareplanodesaude.com.br\/alice\/wp-json\/wp\/v2\/pages\/368\/revisions\/14749"}],"wp:attachment":[{"href":"https:\/\/compareplanodesaude.com.br\/alice\/wp-json\/wp\/v2\/media?parent=368"}],"wp:term":[{"taxonomy":"post_tag","embeddable":true,"href":"https:\/\/compareplanodesaude.com.br\/alice\/wp-json\/wp\/v2\/tags?post=368"}],"curies":[{"name":"wp","href":"https:\/\/api.w.org\/{rel}","templated":true}]}}